ivided by 68.
57
Let d be (-12 + 9)/(2/16). Let r = -11 - d. Suppose 0 = c - 8 - r. What is the remainder when c is divided by 4?
1
Let a(m) = 2*m - 5*m**2 - 12*m + 6*m**2 - 12 + 0*m**2. Let l be a(11). Let u(y) = -31*y**3 - y - 1. Calculate the remainder when u(l) is divided by 16.
15
Let u = -2 + -11. Let o = -10 - u. Suppose o = -i + 14. Calculate the remainder when 53 is divided by i.
9
Let j(x) = -2*x**2 + 7*x + 32. Let t be j(6). Let g(o) = 2*o**3 - 3*o**2 + 5*o. Calculate the remainder when 83 is divided by g(t).
13
Let q(t) = t**2 + 9*t + 16. Let a be q(-7). Suppose -5*w = z - 120, -a*z = -w - 0*z + 35. Calculate the remainder when w is divided by 10.
5
Let l = -7 + 17. Suppose q = 3*n + 17, 3*n = 4*q - q - 51. Calculate the remainder when q is divided by 174/30 + (-8)/l.
2
Let a(t) = 3*t**2 - 2*t + 10. Calculate the remainder when a(-5) is divided by 30.
5
Let q = 76 - 32. Let d be 450/(-72)*(1 - 13). Suppose -h - 4*h + d = 0. Calculate the remainder when q is divided by h.
14
Let z(n) = 2*n**2 + 22*n + 3. Let l be z(-11). Suppose -3*h + 4*i = -33, -2*h - 4*i = -l*i - 33. Calculate the remainder when 44 is divided by h.
14
Let r = -47 + 37. Let d = r - -24. Suppose i - 6*i + 10 = 2*c, 0 = 5*i. What is the remainder when d is divided by c?
4
Let z(y) = 13*y + 267. Calculate the remainder when z(0) is divided by 6.
3
What is the remainder when 181 is divided by (-3)/((45/14)/(-15))?
13
Suppose 0 = -7*p + 10*p - 30. Suppose 0*m + 2*m - p = 0. Suppose -72 = -4*i - 0*i. Calculate the remainder when i is divided by m.
3
Let r(q) = q**2 + 6*q - 17. Let m be r(-7). What is the remainder when -1 - (754/m - 21/35) is divided by 13?
10
Suppose 2*q = 2*m - 2*q - 36, -m + 4*q = -12. Let y(b) = -b**2 + 13*b - 3. What is the remainder when y(7) is divided by 400/m*12/10?
19
Suppose 37*v - 3780 = 3509. What is the remainder when 400 is divided by v?
6
Let v be 4*1/8*-10. Let b(g) = -23*g - 8. Calculate the remainder when b(v) is divided by 22.
19
Suppose 0 = -a - l - 13 - 3, -4*l = 3*a + 43. Suppose -4*k = -66 - 78. Let s = a + k. Calculate the remainder when 43 is divided by s.
13
Suppose 2*p - 99 = -21. Calculate the remainder when 84 is divided by p.
6
Let l = 1033 + -829. Calculate the remainder when l is divided by 110.
94
Let j = 21 + -13. Let b(k) = k**3 - 9*k**2 + 9*k + 10. Let c be b(j). Let q = -8 + c. What is the remainder when 38 is divided by q?
8
Suppose 39 = 5*x + 2*f, -103*x = -99*x - 2*f - 24. Suppose 0*a - 51 = -3*a + 5*y, y = -2*a + 34. Calculate the remainder when a is divided by x.
3
Let f = 506 + -379. What is the remainder when f is divided by 23?
12
Suppose 0 = -35*w + 43*w - 456. What is the remainder when 228 is divided by w?
0
Let b = 391 + -175. What is the remainder when b is divided by 6?
0
Suppose -3*i = 3*d - 0*i - 36, 0 = -2*i. Let o = 3717 - 3696. What is the remainder when o is divided by d?
9
Suppose 4*j + 0*j - 3*f - 14 = 0, 4*j - 16 = 4*f. Let k(r) = 2*r**2 - 15*r + 5. Let d be k(10). Let y = d - j. Calculate the remainder when y is divided by 11.
9
Suppose 1554 = -3*s - 4*o + 7*o, 4*o = 4. Let v = -359 - s. Calculate the remainder when v is divided by 40.
38
Suppose 0 = -3*f - 4*t + 27, f + 5*t - 400 = -402. What is the remainder when 17 + (3 + 0 - 2) is divided by f?
5
Let t be (-3 + 3 - -5)*-5. Let d = -18 - t. Suppose 0*s - d*s = -35. Calculate the remainder when s is divided by 3.
2
Let w be (445/10)/1*2. Let z = w - 75. What is the remainder when 26 is divided by z?
12
Suppose -4*h + 495 = 7*h. What is the remainder when 447 is divided by h?
42
Let i = 320 + -275. What is the remainder when i is divided by 6?
3
Let r(m) = m**2 + 7*m - 6. Let h be r(-8). Suppose h*a + 90 = 3*l + 1, -l + 33 = a. Calculate the remainder when l is divided by 82/(-1476) + (-614)/(-36).
14
Let l(t) = 6*t**3 - 9*t**2 + 20*t + 4. Calculate the remainder when 434 is divided by l(3).
144
Let w = 262 - 153. Let b = w + -78. Calculate the remainder when 57 is divided by b.
26
Let n(z) = -z**3 + 10*z**2 - 2*z - 16. Let f be n(8). Suppose 0*x + 2*x = f. Calculate the remainder when 95 is divided by x.
47
Let i(g) = -g**2 - 9*g + 14. Let w be -12 + -2 + (3 - -1). Let d be i(w). Suppose 9*s - 65 = d*s. What is the remainder when 37 is divided by s?
11
Calculate the remainder when 108 is divided by 191/5 + 0 + (-14)/70.
32
Suppose 436*h - 432*h = 3*a + 51, 3*a + 21 = 2*h. Suppose -2*c = -3*c + 42. What is the remainder when c is divided by h?
12
Suppose 0 = 10*q - 265 - 45. What is the remainder when 119 is divided by q?
26
Suppose 30*c - 34*c = -28. Suppose -c*m + 186 + 80 = 0. What is the remainder when m is divided by 16?
6
Suppose -3*k + q - 1 = 0, -k + 3*q - 5*q = 12. Let i(j) = -5*j + 1. Calculate the remainder when i(k) is divided by 5 - -4 - (-1 - -6).
3
Let z(d) = 182*d + 7. What is the remainder when z(1) is divided by 6?
3
Suppose 2*o - 3*t = -0*o + 15, -4*t + 20 = 0. What is the remainder when o is divided by 3?
0
Suppose -4*n + 2*q = -22, 0 = n - 5*n + q + 23. Suppose -2*l - 32 = -6*l + 2*u, -l - n = 3*u. What is the remainder when 29 is divided by l?
5
Let b(f) = 4*f. Let n be b(0). Calculate the remainder when (1 + n)*(-87)/(-1) is divided by 22.
21
Let r(x) = 20*x**2 - 21*x - 24. Let k(j) = -7*j**2 + 7*j + 8. Let i(p) = 17*k(p) + 6*r(p). What is the remainder when 39 is divided by i(-3)?
17
Suppose -18 + 6 = -3*h. Let o = 7 - h. What is the remainder when 49 is divided by 0 + -2 - (-57)/o?
15
Let o be 8/(-3)*(-54)/24. Let t(v) = v**3 - 4*v**2 - 5*v - 3. Suppose 4*q = -3 + 87. What is the remainder when t(o) is divided by q?
18
Suppose -3*a = 14 - 56. Let l = -483 - -530. What is the remainder when l is divided by a?
5
Let b(d) = -d**2 - 8*d - 14. Let j be b(-11). Let u = -30 - j. Suppose 2*y - 67 = -3. What is the remainder when y is divided by u?
15
Suppose 1 + 7 = 4*c. Suppose -8 = 4*s, 5*v - 16 = -3*s + 33. Calculate the remainder when v is divided by c.
1
Let g(h) = 27*h**2 - 21*h + 34. What is the remainder when g(2) is divided by 43?
14
Suppose -27*t = -20*t - 56. Calculate the remainder when 22 is divided by t.
6
Suppose 6 = -3*g, 2*g + 299 = 4*x + 59. Calculate the remainder when 204 is divided by x.
27
Suppose 4*v = 3*y - 38, -3*y = v + v + 28. Let h be (1*v)/((-1)/28). Suppose h = -0*c + 4*c. Calculate the remainder when c is divided by 20.
17
Let h be 2 + (-6)/(-3) + 1. Suppose 3*b - 74 = -z, -3*b = -h*b - 4*z + 36. What is the remainder when 42 is divided by b?
16
Suppose u - 8 = -u. Let q be (-636)/(-18) + (-2)/6. Suppose 0 = 5*d, u*x - 4*d - 121 = q. What is the remainder when x is divided by 8?
7
Let o = 0 - -4. Suppose 4*h + 4*h - 104 = 0. Suppose h = o*a - 3. What is the remainder when 19 is divided by a?
3
Let j = 63 + -144. Suppose 8*d - 5*z = 4*d - 576, -5*d - 703 = -2*z. Let r = j - d. What is the remainder when r is divided by 15?
13
Suppose -173*x = -169*x - 1340. What is the remainder when x is divided by 47?
6
Let k(n) = -n**2 + 13*n - 38. Calculate the remainder when 27 is divided by k(5).
1
Let h(r) = 4*r**2 - 29*r - 312. Calculate the remainder when h(19) is divided by 73.
70
Let i(f) = 32*f - 71. Calculate the remainder when i(7) is divided by 22.
21
Let f = -31 + 50. Suppose -3*w = -3*p + f + 20, 0 = 3*p - 5*w - 47. Let v(g) = g + 25. What is the remainder when v(9) is divided by p?
7
Suppose -342 = -9*n - 90. What is the remainder when 249 is divided by n?
25
Let d(s) = s**3 - 26*s**2 + 24*s + 40. Let v be d(25). Suppose k - v = -3*o, 4*o + 2*k + 3*k - 9 = 0. What is the remainder when 52 is divided by o?
4
Suppose 60*i - 15 = 57*i. What is the remainder when 19 is divided by i?
4
Suppose -a = 2, -4*q = 2*a - 69 - 83. What is the remainder when 155 is divided by q?
38
Let f be (12/(-15)*4)/((-7)/35). Suppose f*y = 3*y + 169. Calculate the remainder when 141 is divided by y.
11
Let x(n) = n**2 - 9*n + 5. Let w be x(8). Let d = w - -5. Calculate the remainder when 39/6 - d/(-4) is divided by 5.
2
Let l = -1307 + 1311. Suppose -3*m + 36 = 9. What is the remainder when m is divided by l?
1
Suppose k + 3*k - 8 = 0. Suppose 5*c + 9*h - 4*h = 30, 0 = -2*c + 3*h + 7. What is the remainder when c is divided by k?
1
Let h(a) = 8*a**2 - 2*a - 2. Let s be 0 + 1 + 1 - 4. Calculate the remainder when 13